- -29. What is the units digit of o?
5
Let i = 0 - -2. Suppose 2*l + i = 0, 4*s = 6*s - 3*l - 15. What is the units digit of s?
6
Suppose 0 = -2*r + 20 + 28. What is the units digit of r?
4
Suppose -17 - 38 = -5*k. What is the units digit of k?
1
Suppose 0*a + 4*a - 108 = 0. What is the units digit of a/4 + (-1)/(-4)?
7
What is the tens digit of -10*(6 + -4)*22/(-4)?
1
Let n(v) = 3*v**2 - 21*v - 5. What is the tens digit of n(9)?
4
Let v = 192 - 109. What is the tens digit of v?
8
Suppose 0 = -6*x + 5*x + 2, 165 = 5*a + 5*x. What is the units digit of a?
1
Suppose 3*p - 6*p = -9. Suppose -2*d + 5*x + 1 = -4*d, 2*d + 4*x - 2 = 0. Suppose 0 = p*v + d - 28. What is the units digit of v?
7
Suppose 8*f = 129 + 23. What is the tens digit of f?
1
Suppose -3*l + 37 = -2*f + 6*f, 0 = f - l - 11. Suppose -47 + f = -u. What is the tens digit of u?
3
Let l = 87 - 43. What is the tens digit of l?
4
Suppose -8*c + 54 = c. What is the units digit of c?
6
Let d(j) = 4*j**2 + j - 4. What is the tens digit of d(3)?
3
Let q(k) = 10*k**2. Let u be (-4)/(-16) + 1/(-4). Let i = 1 - u. What is the units digit of q(i)?
0
Let f(w) = -w**2 + 18*w - 26. What is the units digit of f(11)?
1
Suppose 0*j + 2*j = 8. Suppose 2*p + 2 = -6, 3*i - j*p = 109. Let h = i - 18. What is the units digit of h?
3
Let u = -9 + 27. What is the units digit of u?
8
Let o be (2 + 3)*(-9)/(-15). Suppose 0 = 2*u - 4*i - 2, -3*u + 2*i = -0*i - o. What is the units digit of u?
1
Let l = 169 + -87. What is the units digit of l?
2
Let z(l) be the second derivative of -5*l**3/6 + l**2/2 - 2*l. Let j be z(-6). Suppose -5*u = -44 - j. What is the units digit of u?
5
Suppose -3*b + 2*z + 28 = 0, 0 = -3*z + 2*z + 4. Let a = 21 - b. What is the units digit of a?
9
Suppose 5*d - 5 = 0, -g - d + 2 - 4 = 0. Let i be (-5)/5*(g - 0). Suppose i*o - 5*y + 8 = 0, o + 0*o + y = 8. What is the units digit of o?
4
Suppose 70 = 3*q + 2*q. What is the tens digit of q?
1
Let o(h) = h**3 + 7*h**2 + 6*h + 7. Let t = -8 + 2. What is the units digit of o(t)?
7
Let b = 10 - 16. Let w(p) = -20*p**3 - 21*p**2 - p + 29. Let n(o) = -7*o**3 - 7*o**2 + 10. Let t(l) = -17*n(l) + 6*w(l). What is the units digit of t(b)?
4
Let g(c) be the second derivative of -c**4/6 + 5*c**3/6 + c**2 - 4*c. Let b be g(4). Let m = b - -16. What is the units digit of m?
6
Let k(z) = -z**2 + 12 + 0*z**2 + 0*z**2 + 10*z + 2*z**2. What is the tens digit of k(-11)?
2
Let z(f) be the second derivative of f**5/12 + 3*f**2/2 + 2*f. Let h(d) be the first derivative of z(d). What is the units digit of h(-1)?
5
What is the hundreds digit of ((-1772)/(-16) - -4) + (-2)/(-8)?
1
Let u = -11 + 18. Suppose u = 3*v + 43. What is the units digit of (-8)/v*(7 - 1)?
4
Let b be -4 + -14 + 1 + 0. Let k = -9 - b. What is the units digit of k?
8
Let k(m) = m**2 + 6*m - 4. Let u be k(-3). Let s = 9 - 17. Let r = s - u. What is the units digit of r?
5
Let p(l) = -6*l**2 + 5*l - 2. Let g(a) = 7*a**2 - 6*a + 2. Let h(x) = -5*g(x) - 6*p(x). Let v be h(2). Let s = -3 + v. What is the units digit of s?
3
Suppose o - 6*o + 259 = f, 0 = -2*f - 2*o + 486. What is the hundreds digit of f?
2
Let d(c) = -12 - 4*c + c**2 + 3 + 1. What is the tens digit of d(7)?
1
Let m be (-2)/(-8) - 45/(-12). Suppose -m*s + 18 = -s. What is the units digit of s?
6
Let v(w) = w**2 - 12*w + 8. Let o be v(11). Let i = o - -25. What is the tens digit of i?
2
Let w = -64 + 89. What is the units digit of w?
5
Suppose 2*r = 5*h + 13, r - 22 = 3*r + 2*h. Let z = 11 + r. Suppose -z*f - 3 = -18. What is the units digit of f?
3
Let c(w) = w**3 + 11*w**2 + 8*w - 10. Let a be (-1)/(63/30 + -2). What is the tens digit of c(a)?
1
Let t(y) = y - 2. What is the units digit of t(11)?
9
Let g(i) = -i + 5. Let j be g(0). Suppose -2*c + 25 = 5*h - j*c, -3*h - 2*c + 15 = 0. What is the units digit of h?
5
Suppose 0*r - 20 = 3*w - 2*r, -2*r = -5*w - 32. Let x(l) = l + 7. Let u be x(w). Let s(q) = 5*q + 1. What is the units digit of s(u)?
6
Let m = 21 + 2. What is the tens digit of m?
2
Let q(j) = 3*j**2 + 2*j - 1. Let o be q(1). Let w be -2 + o - (-2 - 1). Suppose 27 + 17 = 3*z + w*x, 2*x = z. What is the units digit of z?
8
Suppose -b = 3*b - 48. Suppose 3*y + 0 - b = 0. Suppose d - 3*d + y = 0. What is the units digit of d?
2
Suppose -a = 4*v + v - 19, 5*v = 4*a + 24. Let g(n) be the third derivative of -n**4/24 + 5*n**3/6 + n**2. What is the units digit of g(v)?
1
Suppose 7*x = 11*x - 104. What is the units digit of x?
6
Suppose -3*u + 33 = -105. What is the units digit of u?
6
Let x(k) = -k**3 + 9*k**2 + k - 8. Let m be x(9). Let g = 7 - m. What is the units digit of g?
6
Let m(c) = c**3 - 7*c**2 - 5*c - 12. Let i be m(9). Suppose w + f = -0*f + 54, i = 2*w - f. What is the tens digit of w?
5
Let i(q) = 2*q + 2*q + q**2 + 0*q - 1. Let c be i(-5). Suppose 9 = c*p - 3. What is the units digit of p?
3
Suppose 4*a - 117 = a. What is the tens digit of -3 - 1/((-3)/a)?
1
Suppose 4*h - 4*b = 0, 6*h + 5 = 2*h + 5*b. Suppose f - 3 = h. What is the units digit of f?
8
Let c(t) = -t**2 - 6*t - 6. Let m be c(-5). Let w = m - 1. What is the units digit of 1/(w + (-54)/(-26))?
3
Suppose -b - 3*b + 200 = 0. What is the units digit of b?
0
Suppose 3 + 5 = -2*f. Let n(q) = 2*q**2 + 2*q + 4. What is the units digit of n(f)?
8
Let m(x) = x**3 - 3*x**2 + x + 2. Let i be m(2). Let q(c) = c**3 - c**2 + 17. What is the tens digit of q(i)?
1
Suppose -3*i + 9 = 4*w, -1 = -i - 5*w + 2. Let f be ((-2)/(-2))/((-2)/(-6)). Let u = f + i. What is the units digit of u?
6
Let n(o) = o**3 - 8*o**2 + o + 6. Let h(l) = -l - 4. Let t be h(-12). What is the tens digit of n(t)?
1
Let c = 9 - -12. What is the units digit of c?
1
Suppose 4*y = 38 - 10. What is the units digit of y?
7
Let w(d) be the third derivative of d**4/24 + d**3/6 - 2*d**2. Let y be w(-1). Let c = 1 + y. What is the units digit of c?
1
Let y(a) = 3*a + 2. What is the units digit of y(6)?
0
Let q = -13 + 8. Let p = q + 5. Let a = p - -1. What is the units digit of a?
1
Let h(m) = -m - 3. Let a be h(-5). Let q be (1/1 - 1) + a. Suppose 2*v - 16 = q*t, 7*v + 4*t - 10 = 4*v. What is the units digit of v?
6
Suppose 3*q - 12 = 0, 0 = 4*i - 4*q + 26 - 150. What is the tens digit of i?
3
Let q = 31 + -25. Let d(i) = -i**3 + 8*i**2 - 8*i + 1. What is the units digit of d(q)?
5
Suppose -350 = -6*p + 1324. What is the units digit of p?
9
Suppose 2*l = -3*y + 70, 2*y + 108 = 3*l + l. What is the units digit of l?
9
Suppose -5*b + 3*w = -105, b + 2*w - 4*w = 28. Suppose c + 16 = -4*t, -c - 4*c = -3*t - 12. Suppose -y + b + c = 0. What is the tens digit of y?
1
Let y(j) be the second derivative of -j**4/12 + 4*j**3/3 + j**2/2 + j. Suppose 9*h = -5*h + 98. What is the units digit of y(h)?
8
Let n = 128 - 20. What is the units digit of n?
8
Suppose -3*m + 2*a = -a - 12, 3*a + 6 = 0. What is the units digit of m*6 - (0 + -2)?
4
Let w(i) = i**3 + 2*i**2 - i + 1. What is the tens digit of w(3)?
4
Suppose s + 2 = -4*k + 13, s - 13 = -5*k. Suppose 0 = -3*f + p + 5, 3*f + k*p = 1 + 7. What is the units digit of f?
2
Let p = -9 - -6. Let f(k) = k**2 + 2*k - 1. What is the units digit of f(p)?
2
Let j be (-1 + 10/4)*2. Suppose -f = j*f. What is the units digit of (f - -3) + 1 + -3?
1
Let b(f) be the first derivative of 15*f**2/2 + f - 1. Let o(m) = m**2. Let u be o(-1). What is the tens digit of b(u)?
1
Suppose 3*d + 0*d = -4*c + 68, -5*c + 84 = 4*d. Suppose 0 = -t + 5*t - c. What is the units digit of t?
5
Suppose -19 = -3*m - g, -2*m - 2*g + 28 = 2*m. Suppose -75 = -m*b - 10. What is the tens digit of b?
1
Suppose w + 5*t - 2 = -0*w, 2*w - 3*t - 4 = 0. Suppose -9 = -w*v + 1. Suppose v*a = 2 + 3. What is the units digit of a?
1
Suppose -5*z = -5*k + 20, 0 = -5*k + z + 18 + 10. Suppose 30 - k = 4*n. What is the units digit of n?
6
Let d(o) = 1 - 6*o**2 - o**3 - 9*o + 0 + 4. What is the tens digit of d(-5)?
2
Let n = 4 - -6. Suppose c = 3*c - n. What is the units digit of c?
5
Suppose 7*z - 40 = 2*z. What is the units digit of z?
8
Suppose -2*i - 4*a + 3*a + 94 = 0, -i = -5*a - 36. What is the units digit of i?
6
Suppose 3*u - 17 = -3*n + u, 4*u = 2*n + 10. Suppose -j + n*j - 6 = 0. What is the units digit of j?
3
Let a be (2/6)/((-1)/(-75)). Suppose -o + a = 1. What is the tens digit of o?
2
Let s(t) = 3*t